culate the remainder when 2003 is divided by 12.
11
What is the remainder when 90 is divided by 20?
10
What is the remainder when 392 is divided by 133?
126
What is the remainder when 299 is divided by 185?
114
What is the remainder when 281 is divided by 69?
5
What is the remainder when 714 is divided by 366?
348
What is the remainder when 915 is divided by 54?
51
What is the remainder when 165 is divided by 68?
29
Calculate the remainder when 811 is divided by 68.
63
What is the remainder when 39214 is divided by 258?
256
Calculate the remainder when 106 is divided by 50.
6
What is the remainder when 180 is divided by 14?
12
What is the remainder when 569 is divided by 13?
10
Calculate the remainder when 387 is divided by 131.
125
What is the remainder when 226 is divided by 76?
74
Calculate the remainder when 775 is divided by 60.
55
Calculate the remainder when 500 is divided by 4.
0
Calculate the remainder when 5038 is divided by 45.
43
What is the remainder when 455 is divided by 153?
149
Calculate the remainder when 163 is divided by 10.
3
What is the remainder when 504 is divided by 51?
45
Calculate the remainder when 4640 is divided by 11.
9
What is the remainder when 12627 is divided by 3151?
23
Calculate the remainder when 474 is divided by 1.
0
Calculate the remainder when 184 is divided by 19.
13
What is the remainder when 237 is divided by 48?
45
What is the remainder when 227 is divided by 10?
7
What is the remainder when 22 is divided by 10?
2
What is the remainder when 3940 is divided by 1958?
24
What is the remainder when 1308 is divided by 18?
12
What is the remainder when 1790 is divided by 6?
2
What is the remainder when 250 is divided by 42?
40
What is the remainder when 1263 is divided by 210?
3
What is the remainder when 556 is divided by 43?
40
Calculate the remainder when 2448 is divided by 76.
16
Calculate the remainder when 1636 is divided by 13.
11
What is the remainder when 479 is divided by 70?
59
Calculate the remainder when 8590 is divided by 141.
130
What is the remainder when 629 is divided by 10?
9
What is the remainder when 1124 is divided by 192?
164
What is the remainder when 1317 is divided by 6?
3
What is the remainder when 1072 is divided by 43?
40
What is the remainder when 869 is divided by 7?
1
Calculate the remainder when 84 is divided by 46.
38
Calculate the remainder when 78 is divided by 30.
18
Calculate the remainder when 976 is divided by 322.
10
What is the remainder when 906 is divided by 313?
280
Calculate the remainder when 262 is divided by 42.
10
What is the remainder when 3593 is divided by 1195?
8
What is the remainder when 116 is divided by 7?
4
Calculate the remainder when 1493 is divided by 373.
1
Calculate the remainder when 67 is divided by 18.
13
What is the remainder when 447 is divided by 103?
35
What is the remainder when 1922 is divided by 77?
74
What is the remainder when 10 is divided by 9?
1
What is the remainder when 247 is divided by 49?
2
Calculate the remainder when 847 is divided by 203.
35
Calculate the remainder when 2624 is divided by 84.
20
Calculate the remainder when 727 is divided by 122.
117
What is the remainder when 29244 is divided by 30?
24
Calculate the remainder when 1244 is divided by 617.
10
Calculate the remainder when 3970 is divided by 159.
154
Calculate the remainder when 403 is divided by 24.
19
Calculate the remainder when 710 is divided by 38.
26
What is the remainder when 1084 is divided by 10?
4
Calculate the remainder when 104 is divided by 29.
17
What is the remainder when 132 is divided by 27?
24
What is the remainder when 975 is divided by 16?
15
Calculate the remainder when 45 is divided by 34.
11
Calculate the remainder when 260 is divided by 128.
4
What is the remainder when 427 is divided by 39?
37
What is the remainder when 751 is divided by 40?
31
Calculate the remainder when 126 is divided by 8.
6
Calculate the remainder when 601 is divided by 65.
16
What is the remainder when 84 is divided by 29?
26
Calculate the remainder when 1720 is divided by 42.
40
Calculate the remainder when 7614 is divided by 17.
15
What is the remainder when 223 is divided by 72?
7
What is the remainder when 33200 is divided by 17?
16
What is the remainder when 289 is divided by 30?
19
Calculate the remainder when 64 is divided by 23.
18
Calculate the remainder when 109 is divided by 88.
21
Calculate the remainder when 310 is divided by 78.
76
What is the remainder when 8695 is divided by 13?
11
What is the remainder when 40 is divided by 33?
7
What is the remainder when 40 is divided by 11?
7
What is the remainder when 221 is divided by 17?
0
What is the remainder when 712 is divided by 348?
16
Calculate the remainder when 659 is divided by 110.
109
Calculate the remainder when 54 is divided by 18.
0
What is the remainder when 6181 is divided by 6179?
2
What is the remainder when 5759 is divided by 24?
23
What is the remainder when 112 is divided by 58?
54
Calculate the remainder when 673 is divided by 69.
52
Calculate the remainder when 80 is divided by 17.
12
What is the remainder when 101 is divided by 16?
5
Calculate the remainder when 40 is divided by 33.
7
What is the remainder when 77 is divided by 47?
30
What is the remainder when 129 is divided by 34?
27
Calculate the remainder when 2114 is divided by 36.
26
Calculate the remainder when 1708 is divided by 18.
16
What is the remainder when 471 is divided by 100?
71
What is the remainder when 1039 is divided by 80?
79
Calculate the remainder when 59 is divided by 30.
29
Calculate the remainder when 179 is divided by 37.
31
Calculate the remainder when 194 is divided by 22.
18
Calculate the remainder when 135 is divided by 34.
33
Calculate the remainder when 151 is divided by 13.
8
What is the remainder when 461 is divided by 47?
38
Calculate the remainder when 21 is divided by 8.
5
What is the remainder when 1181 is divided by 46?
31
What is the remainder when 58 is divided by 52?
6
Calculate the remainder when 381 is divided by 92.
13
Calculate the remainder when 1825 is divided by 29.
27
What is the remainder when 373 is divided by 200?
173
What is the remainder when 2606 is divided by 33?
32
What is the remainder when 424 is divided by 71?
69
Calculate the remainder when 2770 is divided by 743.
541
Calculate the remainder when 175 is divided by 60.
55
What is the remainder when 152 is divided by 151?
1
What is the remainder when 99 is divided by 21?
15
Calculate the remainder when 204 is divided by 41.
40
What is the remainder when 82 is divided by 12?
10
What is the remainder when 1243 is divided by 313?
304
What is the remainder when 1868 is divided by 274?
224
Calculate the remainder when 1757 is divided by 20.
17
Calculate the remainder when 507 is divided by 289.
218
Calculate the remainder when 1104 is divided by 120.
24
What is the remainder when 82 is divided by 29?
24
What is the remainder when 314 is divided by 55?
39
Calculate the remainder when 53 is divided by 30.
23
What is the remainder when 564 is divided by 95?
89
Calculate the remainder when 2044 is divided by 256.
252
Calculate the remainder when 40 is divided by 16.
8
Calculate the remainder when 28 is divided by 17.
11
What is the remainder when 2606 is divided by 162?
14
What is the remainder when 269 is divided by 140?
129
What is the remainder when 457 is divided by 97?
69
Calculate the remainder when 676 is divided by 7.
4
What is the remainder when 250 is divided by 73?
31
Calculate the remainder when 4341 is divided by 11.
7
What is the remainder when 16589 is divided by 70?
69
What is the remainder when 62 is divided by 17?
11
Calculate the remainder when 439 is divided by 13.
10
What is the remainder when 639 is divided by 218?
203
What is the remainder when 67 is divided by 4?
3
What is the remainder when 679 is divided by 38?
33
Calculate the remainder when 117 is divided by 39.
0
Calculate the remainder when 461 is divided by 26.
19
What is the remainder when 270 is divided by 58?
38
Calculate the remainder when 1186 is divided by 11.
9
Calculate the remainder when 490 is divided by 26.
22
Calculate the remainder when 344 is divided by 34.
4
What is the remainder when 498 is divided by 46?
38
What is the rema